f 6899961?
1
What is the hundred thousands digit of 266318?
2
What is the units digit of 2649836?
6
What is the hundred thousands digit of 594333?
5
What is the thousands digit of 182399?
2
What is the hundreds digit of 23135094?
0
What is the hundreds digit of 73296?
2
What is the thousands digit of 606676?
6
What is the hundreds digit of 1849669?
6
What is the tens digit of 21980449?
4
What is the hundred thousands digit of 7688817?
6
What is the tens digit of 40056?
5
What is the ten thousands digit of 6002530?
0
What is the tens digit of 228160?
6
What is the hundred thousands digit of 390720?
3
What is the tens digit of 189409?
0
What is the hundreds digit of 1772565?
5
What is the hundred thousands digit of 183382?
1
What is the units digit of 40589592?
2
What is the hundreds digit of 2653592?
5
What is the tens digit of 17999155?
5
What is the hundred thousands digit of 1017294?
0
What is the hundreds digit of 359537?
5
What is the units digit of 5126283?
3
What is the thousands digit of 303580?
3
What is the ten thousands digit of 208423?
0
What is the thousands digit of 2237327?
7
What is the hundred thousands digit of 358794?
3
What is the thousands digit of 503445?
3
What is the units digit of 367907?
7
What is the hundred thousands digit of 1433198?
4
What is the thousands digit of 629662?
9
What is the hundred thousands digit of 292001?
2
What is the thousands digit of 1746776?
6
What is the units digit of 16481201?
1
What is the tens digit of 550802?
0
What is the tens digit of 9726278?
7
What is the tens digit of 15365?
6
What is the hundred thousands digit of 2844470?
8
What is the units digit of 28818287?
7
What is the tens digit of 776726?
2
What is the ten thousands digit of 207324?
0
What is the hundred thousands digit of 324907?
3
What is the tens digit of 138190?
9
What is the ten thousands digit of 731421?
3
What is the tens digit of 886724?
2
What is the millions digit of 13310407?
3
What is the hundreds digit of 9945408?
4
What is the ten thousands digit of 15508340?
0
What is the thousands digit of 589467?
9
What is the hundreds digit of 4933061?
0
What is the ten thousands digit of 8951175?
5
What is the thousands digit of 1018400?
8
What is the hundreds digit of 417046?
0
What is the tens digit of 23358358?
5
What is the hundred thousands digit of 4468307?
4
What is the thousands digit of 6756341?
6
What is the hundred thousands digit of 3593084?
5
What is the hundreds digit of 20393094?
0
What is the hundreds digit of 130186?
1
What is the hundreds digit of 19786217?
2
What is the thousands digit of 4402458?
2
What is the ten thousands digit of 9619324?
1
What is the millions digit of 12665598?
2
What is the units digit of 1246340?
0
What is the thousands digit of 39425?
9
What is the hundred thousands digit of 1734669?
7
What is the millions digit of 2926932?
2
What is the millions digit of 1159027?
1
What is the hundreds digit of 1167026?
0
What is the hundreds digit of 12338681?
6
What is the thousands digit of 96462?
6
What is the millions digit of 4616289?
4
What is the ten thousands digit of 757223?
5
What is the tens digit of 2140623?
2
What is the hundreds digit of 742671?
6
What is the hundreds digit of 3466210?
2
What is the hundred thousands digit of 3469204?
4
What is the units digit of 241402?
2
What is the hundreds digit of 268759?
7
What is the hundred thousands digit of 972937?
9
What is the hundreds digit of 682299?
2
What is the tens digit of 700243?
4
What is the hundreds digit of 2032232?
2
What is the hundreds digit of 12740277?
2
What is the tens digit of 1134877?
7
What is the hundred thousands digit of 737833?
7
What is the ten thousands digit of 803030?
0
What is the ten thousands digit of 36711764?
1
What is the hundred thousands digit of 110272?
1
What is the hundreds digit of 3082052?
0
What is the millions digit of 9967048?
9
What is the tens digit of 20122141?
4
What is the units digit of 344100?
0
What is the hundreds digit of 12657175?
1
What is the millions digit of 1083457?
1
What is the thousands digit of 828375?
8
What is the hundreds digit of 1038627?
6
What is the hundred thousands digit of 118661?
1
What is the units digit of 1213792?
2
What is the units digit of 116339?
9
What is the hundreds digit of 1868427?
4
What is the ten thousands digit of 2726447?
2
What is the ten thousands digit of 287941?
8
What is the hundred thousands digit of 1233494?
2
What is the tens digit of 1060024?
2
What is the tens digit of 1212653?
5
What is the tens digit of 373539?
3
What is the hundred thousands digit of 729700?
7
What is the hundreds digit of 54015?
0
What is the tens digit of 113869?
6
What is the hundred thousands digit of 790410?
7
What is the hundreds digit of 139481?
4
What is the ten thousands digit of 1293695?
9
What is the thousands digit of 11473935?
3
What is the hundred thousands digit of 911458?
9
What is the units digit of 10716568?
8
What is the hundreds digit of 12561?
5
What is the hundreds digit of 67396?
3
What is the tens digit of 24524190?
9
What is the hundred thousands digit of 1301608?
3
What is the tens digit of 309919?
1
What is the ten thousands digit of 560943?
6
What is the units digit of 66541?
1
What is the units digit of 13430651?
1
What is the hundreds digit of 454798?
7
What is the hundred thousands digit of 20029195?
0
What is the units digit of 233220?
0
What is the ten thousands digit of 3011045?
1
What is the hundred thousands digit of 3276159?
2
What is the ten millions digit of 10575422?
1
What is the thousands digit of 340207?
0
What is the tens digit of 226248?
4
What is the hundred thousands digit of 1284392?
2
What is the tens digit of 988880?
8
What is the tens digit of 1004987?
8
What is the hundreds digit of 2601393?
3
What is the hundred thousands digit of 1957818?
9
What is the millions digit of 6979686?
6
What is the hundreds digit of 30558?
5
What is the hundreds digit of 1747567?
5
What is the hundreds digit of 266540?
5
What is the hundreds digit of 470172?
1
What is the thousands digit of 1948408?
8
What is the thousands digit of 3101072?
1
What is the hundred thousands digit of 253432?
2
What is the ten thousands digit of 56063?
5
What is the ten thousands digit of 1525987?
2
What is the millions digit of 2603278?
2
What is the hundreds digit of 226289?
2
What is the hundred thousands digit of 38315693?
3
What is the hundreds digit of 11315123?
1
What is the ten thousands digit of 7488057?
8
What is the hundred thousands digit of 18094628?
0
What is the units digit of 178074?
4
What is the ten thousands digit of 1370211?
7
What is the units digit of 2820930?
0
What is the ten thousands digit of 21003536?
0
What is the ten thousands digit of 1324282?
2
What is the thousands digit of 163997?
3
What is the ten thousands digit of 2734204?
3
What is the units digit of 144695?
5
What is the millions digit of 14759529?
4
What is the thousands digit of 1765505?
5
What is the ten thousands digit of 261473?
6
What is the hundred thousands digit of 7683394?
6
What is the tens digit of 11473733?
3
What is the hundred thousands digit of 390612?
3
What is the units digit of 541405?
5
What is the tens digit of 20321596?
9
What is the tens digit of 104007?
0
What is the units digit of 561814?
4
What is the hundred thousands digit of 2545909?
5
What is the units digit of 3110427?
7
What is the thousands digit of 1126875?
6
What is the thousands digit of 923038?
3
What is the tens digit of 1888241?
4
What is the millions digit of 4304938?
4
What is the ten thousands digit of 450750?
5
What is the hundreds digit of 1246927?
9
What is the ten thousands digit of 415107?
1
What is the tens digit of 23372?
7
What is the tens digit of 117287?
8
What is the thousands digit of 1610430?
0
What is the hundreds digit of 928159?
1
What is the millions digit of 3915501?
3
What is the hundred thousands digit of 30946910?
9
What is the thousands digit of 696937?
6
What is the thousands digit of 11226046?
6
What is the ten thousands digit of 11813647?
1
What is the hundreds digit of 176675?
6
What is the thousands digit of 1533403?
3
What is the units digit of 587168?
8
What is the tens digit of 133451?
5
What is the hundred thousands digit of 21747085?
7
Wh